{"id":90,"date":"2025-07-11T11:16:17","date_gmt":"2025-07-11T11:16:17","guid":{"rendered":"http:\/\/missionsoins.fr\/?page_id=90"},"modified":"2025-07-11T18:31:58","modified_gmt":"2025-07-11T18:31:58","slug":"cliniques","status":"publish","type":"page","link":"https:\/\/missionsoins.fr\/index.php\/cliniques\/","title":{"rendered":"cliniques"},"content":{"rendered":"<p>[et_pb_section fb_built=&#8221;1&#8243; _builder_version=&#8221;4.27.4&#8243; _module_preset=&#8221;default&#8221; background_color=&#8221;#f4f6fa&#8221; background_enable_image=&#8221;off&#8221; global_colors_info=&#8221;{}&#8221;][et_pb_row column_structure=&#8221;1_2,1_2&#8243; _builder_version=&#8221;4.27.4&#8243; _module_preset=&#8221;default&#8221; custom_margin=&#8221;-30px||||false|false&#8221; global_colors_info=&#8221;{}&#8221;][et_pb_column type=&#8221;1_2&#8243; _builder_version=&#8221;4.27.4&#8243; _module_preset=&#8221;default&#8221; global_colors_info=&#8221;{}&#8221;][et_pb_text content_last_edited=&#8221;off|tablet&#8221; _builder_version=&#8221;4.27.4&#8243; _module_preset=&#8221;default&#8221; header_2_font=&#8221;Hind Madurai||||||||&#8221; header_2_text_color=&#8221;#2a837a&#8221; header_2_font_size=&#8221;18px&#8221; header_2_line_height=&#8221;1.5em&#8221; header_3_font=&#8221;Hind Madurai||||||||&#8221; header_3_text_color=&#8221;#30415e&#8221; header_3_font_size=&#8221;16px&#8221; header_3_line_height=&#8221;1.4em&#8221; custom_margin=&#8221;||-10px||false|false&#8221; custom_padding=&#8221;||0px||false|false&#8221; global_colors_info=&#8221;{}&#8221;]<\/p>\n<h3 class=\"facility-title-h1\"><span>H\u00d4PITAUX ET SYST\u00c8MES DE SANT\u00c9<\/span><\/h3>\n<p>[\/et_pb_text][et_pb_text _builder_version=&#8221;4.27.4&#8243; _module_preset=&#8221;default&#8221; text_font=&#8221;Montserrat|700|||||||&#8221; text_text_color=&#8221;#1b2a41&#8243; text_font_size=&#8221;40px&#8221; text_line_height=&#8221;1.4em&#8221; global_colors_info=&#8221;{}&#8221;]<\/p>\n<p><span>Remplissez vos postes vacants avec les meilleurs talents s<\/span><span>ans stress ni engeagements<\/span><\/p>\n<p>[\/et_pb_text][et_pb_divider color=&#8221;#000000&#8243; _builder_version=&#8221;4.27.4&#8243; _module_preset=&#8221;default&#8221; width=&#8221;53%&#8221; global_colors_info=&#8221;{}&#8221;][\/et_pb_divider][et_pb_text content_tablet=&#8221;&#8221; content_phone=&#8221;&#8221; content_last_edited=&#8221;on|tablet&#8221; _builder_version=&#8221;4.27.4&#8243; _module_preset=&#8221;default&#8221; header_2_font=&#8221;Hind Madurai||||||||&#8221; header_2_text_color=&#8221;#2a837a&#8221; header_2_font_size=&#8221;18px&#8221; header_2_line_height=&#8221;1.5em&#8221; header_3_font=&#8221;Hind Madurai|300|||||||&#8221; header_3_text_color=&#8221;#1b2a41&#8243; header_3_font_size=&#8221;18px&#8221; header_3_line_height=&#8221;1.4em&#8221; global_colors_info=&#8221;{}&#8221;]<\/p>\n<h3 data-start=\"189\" data-end=\"367\">Une solution simple, rapide et sans engagement pour acc\u00e9der \u00e0 une r\u00e9serve de soignants qualifi\u00e9s, disponibles imm\u00e9diatement et sans les contraintes des agences traditionnelles.<\/h3>\n<h2 data-start=\"374\" data-end=\"637\">G\u00e9rer efficacement les co\u00fbts de main-d&#8217;\u0153uvre tout en garantissant des effectifs optimaux est un exercice d&#8217;\u00e9quilibriste permanent. Gr\u00e2ce \u00e0 Mission Soins, vous d\u00e9montrez votre engagement envers le bien-\u00eatre des patients tout en pr\u00e9servant vos r\u00e9sultats financiers.<\/h2>\n<p>[\/et_pb_text][et_pb_button button_text=&#8221;Planifiez votre 1er appel gratuit&#8221; _builder_version=&#8221;4.27.4&#8243; _module_preset=&#8221;default&#8221; custom_button=&#8221;on&#8221; button_text_size=&#8221;16px&#8221; button_text_color=&#8221;#FFFFFF&#8221; button_bg_color=&#8221;#1b2a41&#8243; button_border_width=&#8221;0px&#8221; button_border_radius=&#8221;50px&#8221; button_font=&#8221;Hind Madurai|600|||||||&#8221; button_use_icon=&#8221;off&#8221; custom_padding=&#8221;15px|50px|15px|50px|true|true&#8221; hover_enabled=&#8221;0&#8243; box_shadow_style=&#8221;preset1&#8243; global_colors_info=&#8221;{}&#8221; button_bg_color__hover_enabled=&#8221;on|hover&#8221; button_bg_color__hover=&#8221;#2a837a&#8221; button_bg_enable_color__hover=&#8221;on&#8221; sticky_enabled=&#8221;0&#8243;][\/et_pb_button][\/et_pb_column][et_pb_column type=&#8221;1_2&#8243; _builder_version=&#8221;4.27.4&#8243; _module_preset=&#8221;default&#8221; global_colors_info=&#8221;{}&#8221;][et_pb_image src=&#8221;http:\/\/missionsoins.fr\/wp-content\/uploads\/2025\/07\/Rejoignez.png&#8221; _builder_version=&#8221;4.27.4&#8243; _module_preset=&#8221;default&#8221; transform_scale=&#8221;105%|105%&#8221; transform_translate=&#8221;100px|20px&#8221; transform_translate_linked=&#8221;off&#8221; border_radii=&#8221;off|100px||100px|&#8221; box_shadow_style=&#8221;preset3&#8243; global_colors_info=&#8221;{}&#8221;][\/et_pb_image][\/et_pb_column][\/et_pb_row][\/et_pb_section][et_pb_section fb_built=&#8221;1&#8243; _builder_version=&#8221;4.27.4&#8243; _module_preset=&#8221;default&#8221; background_enable_color=&#8221;off&#8221; background_enable_image=&#8221;off&#8221; global_colors_info=&#8221;{}&#8221;][et_pb_row _builder_version=&#8221;4.27.4&#8243; _module_preset=&#8221;default&#8221; custom_margin=&#8221;||50px||false|false&#8221; global_colors_info=&#8221;{}&#8221;][et_pb_column type=&#8221;4_4&#8243; _builder_version=&#8221;4.27.4&#8243; _module_preset=&#8221;default&#8221; global_colors_info=&#8221;{}&#8221;][\/et_pb_column][\/et_pb_row][et_pb_row column_structure=&#8221;1_2,1_2&#8243; _builder_version=&#8221;4.27.4&#8243; _module_preset=&#8221;default&#8221; min_height=&#8221;539.1px&#8221; global_colors_info=&#8221;{}&#8221;][et_pb_column type=&#8221;1_2&#8243; _builder_version=&#8221;4.27.4&#8243; _module_preset=&#8221;default&#8221; global_colors_info=&#8221;{}&#8221;][et_pb_image src=&#8221;http:\/\/missionsoins.fr\/wp-content\/uploads\/2025\/07\/Design-sans-titre-9.png&#8221; _builder_version=&#8221;4.27.4&#8243; _module_preset=&#8221;default&#8221; hover_enabled=&#8221;0&#8243; border_radii=&#8221;on|30px|30px|30px|30px&#8221; global_colors_info=&#8221;{}&#8221; custom_margin=&#8221;||||false|false&#8221; custom_padding=&#8221;||0px||false|false&#8221; sticky_enabled=&#8221;0&#8243;][\/et_pb_image][\/et_pb_column][et_pb_column type=&#8221;1_2&#8243; _builder_version=&#8221;4.27.4&#8243; _module_preset=&#8221;default&#8221; global_colors_info=&#8221;{}&#8221;][et_pb_text _builder_version=&#8221;4.27.4&#8243; _module_preset=&#8221;default&#8221; text_font=&#8221;Kaushan Script||||||||&#8221; text_text_color=&#8221;#1b2a41&#8243; text_font_size=&#8221;40px&#8221; text_line_height=&#8221;1.4em&#8221; text_orientation=&#8221;center&#8221; hover_enabled=&#8221;0&#8243; global_colors_info=&#8221;{}&#8221; sticky_enabled=&#8221;0&#8243;]<\/p>\n<p><span>Pourquoi Mission Soins ?<\/span><\/p>\n<p>[\/et_pb_text][et_pb_text content_last_edited=&#8221;off|tablet&#8221; _builder_version=&#8221;4.27.4&#8243; _module_preset=&#8221;default&#8221; header_2_font=&#8221;Hind Madurai||||||||&#8221; header_2_text_color=&#8221;#2a837a&#8221; header_2_font_size=&#8221;18px&#8221; header_2_line_height=&#8221;1.5em&#8221; header_3_font=&#8221;Hind Madurai|300|||||||&#8221; header_3_text_color=&#8221;#1b2a41&#8243; header_3_font_size=&#8221;18px&#8221; header_3_line_height=&#8221;1.4em&#8221; hover_enabled=&#8221;0&#8243; global_colors_info=&#8221;{}&#8221; sticky_enabled=&#8221;0&#8243; header_3_text_align=&#8221;center&#8221;]<\/p>\n<h3 data-start=\"189\" data-end=\"367\"><span>Con\u00e7ue avec des cliniques pour r\u00e9pondre \u00e0 leurs vrais enjeux terrain.<\/span><\/h3>\n<p>[\/et_pb_text][et_pb_text content_last_edited=&#8221;off|desktop&#8221; _builder_version=&#8221;4.27.4&#8243; _module_preset=&#8221;default&#8221; header_2_font=&#8221;Hind Madurai||||||||&#8221; header_2_text_color=&#8221;#2a837a&#8221; header_2_font_size=&#8221;18px&#8221; header_2_line_height=&#8221;1.5em&#8221; header_3_font=&#8221;Hind Madurai|300|||||||&#8221; header_3_text_color=&#8221;#1b2a41&#8243; header_3_font_size=&#8221;18px&#8221; header_3_line_height=&#8221;1.4em&#8221; global_colors_info=&#8221;{}&#8221;]<\/p>\n<h3 data-start=\"1685\" data-end=\"1734\">\u2714\ufe0f Gagnez du temps sur vos remplacements urgents.<\/h3>\n<h3 data-start=\"1737\" data-end=\"1799\">\u2714\ufe0f Acc\u00e9dez \u00e0 un vivier de soignants disponibles imm\u00e9diatement.<\/h3>\n<h3 data-start=\"1802\" data-end=\"1848\">\u2714\ufe0f \u00c9vitez les surco\u00fbts d&#8217;agence traditionnels.<\/h3>\n<h3 data-start=\"1851\" data-end=\"1900\">\u2714\ufe0f Recrutez en toute s\u00e9curit\u00e9 : profils v\u00e9rifi\u00e9s.<\/h3>\n<p>[\/et_pb_text][et_pb_button button_text=&#8221;Trouver des missions &#8221; _builder_version=&#8221;4.27.4&#8243; _module_preset=&#8221;default&#8221; custom_button=&#8221;on&#8221; button_text_size=&#8221;16px&#8221; button_text_color=&#8221;#FFFFFF&#8221; button_bg_color=&#8221;#1b2a41&#8243; button_border_width=&#8221;0px&#8221; button_border_radius=&#8221;12px&#8221; button_font=&#8221;Hind Madurai|600|||||||&#8221; button_use_icon=&#8221;off&#8221; custom_padding=&#8221;10px|30px|10px|30px|true|true&#8221; hover_enabled=&#8221;0&#8243; box_shadow_style=&#8221;preset1&#8243; global_colors_info=&#8221;{}&#8221; button_bg_color__hover_enabled=&#8221;on|hover&#8221; button_bg_color__hover=&#8221;#2a837a&#8221; button_bg_enable_color__hover=&#8221;on&#8221; custom_margin=&#8221;||||false|false&#8221; sticky_enabled=&#8221;0&#8243;][\/et_pb_button][\/et_pb_column][\/et_pb_row][et_pb_row _builder_version=&#8221;4.27.4&#8243; _module_preset=&#8221;default&#8221; global_colors_info=&#8221;{}&#8221;][et_pb_column type=&#8221;4_4&#8243; _builder_version=&#8221;4.27.4&#8243; _module_preset=&#8221;default&#8221; global_colors_info=&#8221;{}&#8221;][et_pb_image src=&#8221;http:\/\/missionsoins.fr\/wp-content\/uploads\/2025\/07\/Cream-and-Gold-Badge-Education-Logo.png&#8221; _builder_version=&#8221;4.27.4&#8243; _module_preset=&#8221;default&#8221; align=&#8221;center&#8221; hover_enabled=&#8221;0&#8243; sticky_enabled=&#8221;0&#8243;][\/et_pb_image][\/et_pb_column][\/et_pb_row][et_pb_row _builder_version=&#8221;4.27.4&#8243; _module_preset=&#8221;default&#8221;][et_pb_column _builder_version=&#8221;4.27.4&#8243; _module_preset=&#8221;default&#8221; type=&#8221;4_4&#8243;][et_pb_text _builder_version=&#8221;4.27.4&#8243; _module_preset=&#8221;default&#8221; text_font=&#8221;Montserrat|700|||||||&#8221; text_text_color=&#8221;#1b2a41&#8243; text_font_size=&#8221;40px&#8221; text_line_height=&#8221;1.4em&#8221; hover_enabled=&#8221;0&#8243; global_colors_info=&#8221;{}&#8221; sticky_enabled=&#8221;0&#8243;]<\/p>\n<p>Comment \u00e7\u00e0 marche ?<\/p>\n<p>[\/et_pb_text][et_pb_text content_last_edited=&#8221;off|tablet&#8221; _builder_version=&#8221;4.27.4&#8243; _module_preset=&#8221;default&#8221; header_2_font=&#8221;Hind Madurai||||||||&#8221; header_2_text_color=&#8221;#2a837a&#8221; header_2_font_size=&#8221;18px&#8221; header_2_line_height=&#8221;1.5em&#8221; header_3_font=&#8221;Hind Madurai|300|||||||&#8221; header_3_text_color=&#8221;#1b2a41&#8243; header_3_font_size=&#8221;18px&#8221; header_3_line_height=&#8221;1.4em&#8221; hover_enabled=&#8221;0&#8243; global_colors_info=&#8221;{}&#8221; sticky_enabled=&#8221;0&#8243; header_3_text_align=&#8221;left&#8221;]<\/p>\n<h3 data-start=\"189\" data-end=\"367\"><span>Une proc\u00e9dure simple, humaine et valid\u00e9e par nos clients. Pas de login \u00e0 cr\u00e9er. Pas de documents \u00e0 envoyer sans contact pr\u00e9alable.<\/span><\/h3>\n<p>[\/et_pb_text][\/et_pb_column][\/et_pb_row][et_pb_row _builder_version=&#8221;4.27.4&#8243; _module_preset=&#8221;default&#8221; column_structure=&#8221;1_3,1_3,1_3&#8243; hover_enabled=&#8221;0&#8243; sticky_enabled=&#8221;0&#8243;][et_pb_column _builder_version=&#8221;4.27.4&#8243; _module_preset=&#8221;default&#8221; type=&#8221;1_3&#8243; hover_enabled=&#8221;0&#8243; sticky_enabled=&#8221;0&#8243; background_color=&#8221;#f6f9fc&#8221; border_radii=&#8221;on|35px|35px|35px|35px&#8221; box_shadow_style=&#8221;preset3&#8243; custom_padding=&#8221;|30px|40px|30px|false|true&#8221;][et_pb_image src=&#8221;http:\/\/missionsoins.fr\/wp-content\/uploads\/2025\/07\/13.png&#8221; _builder_version=&#8221;4.27.4&#8243; _module_preset=&#8221;default&#8221; hover_enabled=&#8221;0&#8243; sticky_enabled=&#8221;0&#8243; module_alignment=&#8221;left&#8221; width=&#8221;30%&#8221; custom_margin=&#8221;24px||10px||false|false&#8221;][\/et_pb_image][et_pb_text content_last_edited=&#8221;off|tablet&#8221; _builder_version=&#8221;4.27.4&#8243; _module_preset=&#8221;default&#8221; header_2_font=&#8221;Hind Madurai||||||||&#8221; header_2_text_color=&#8221;#2a837a&#8221; header_2_font_size=&#8221;18px&#8221; header_2_line_height=&#8221;1.5em&#8221; header_3_font=&#8221;Hind Madurai|300|||||||&#8221; header_3_text_color=&#8221;#1b2a41&#8243; header_3_font_size=&#8221;16px&#8221; header_3_line_height=&#8221;1.4em&#8221; hover_enabled=&#8221;0&#8243; global_colors_info=&#8221;{}&#8221; sticky_enabled=&#8221;0&#8243; custom_padding=&#8221;||||true|true&#8221; background_enable_color=&#8221;off&#8221;]<\/p>\n<h3 data-start=\"189\" data-end=\"252\"><strong>\u00c9tape 1 \u2013 Un premier \u00e9change humain et personnalis\u00e9<\/strong><\/h3>\n<h3 data-start=\"189\" data-end=\"252\">\u2192 Lors d\u2019un appel de 15 \u00e0 20 minutes, nous \u00e9changeons sur votre situation, vos contraintes, vos attentes. Que vous ayez des remplacements urgents ou un besoin plus r\u00e9gulier, tout part d\u2019un \u00e9change simple et sans engagement.<\/h3>\n<p>[\/et_pb_text][\/et_pb_column][et_pb_column _builder_version=&#8221;4.27.4&#8243; _module_preset=&#8221;default&#8221; type=&#8221;1_3&#8243; hover_enabled=&#8221;0&#8243; sticky_enabled=&#8221;0&#8243; background_color=&#8221;#f6f9fc&#8221; border_radii=&#8221;on|35px|35px|35px|35px&#8221; box_shadow_style=&#8221;preset3&#8243; custom_padding=&#8221;|30px|40px|30px|false|true&#8221;][et_pb_image src=&#8221;http:\/\/missionsoins.fr\/wp-content\/uploads\/2025\/07\/12.png&#8221; _builder_version=&#8221;4.27.4&#8243; _module_preset=&#8221;default&#8221; hover_enabled=&#8221;0&#8243; sticky_enabled=&#8221;0&#8243; module_alignment=&#8221;left&#8221; width=&#8221;30%&#8221; custom_margin=&#8221;24px||10px||false|false&#8221;][\/et_pb_image][et_pb_text content_last_edited=&#8221;off|tablet&#8221; _builder_version=&#8221;4.27.4&#8243; _module_preset=&#8221;default&#8221; header_2_font=&#8221;Hind Madurai||||||||&#8221; header_2_text_color=&#8221;#2a837a&#8221; header_2_font_size=&#8221;18px&#8221; header_2_line_height=&#8221;1.5em&#8221; header_3_font=&#8221;Hind Madurai|300|||||||&#8221; header_3_text_color=&#8221;#1b2a41&#8243; header_3_font_size=&#8221;16px&#8221; header_3_line_height=&#8221;1.4em&#8221; hover_enabled=&#8221;0&#8243; global_colors_info=&#8221;{}&#8221; sticky_enabled=&#8221;0&#8243; custom_padding=&#8221;||||true|true&#8221; background_enable_color=&#8221;off&#8221;]<\/p>\n<h3 data-start=\"524\" data-end=\"593\"><strong data-start=\"531\" data-end=\"593\">\u00c9tape 2 \u2013 On d\u00e9finit ensemble un cadre clair et sur-mesure<\/strong><\/h3>\n<h3 data-start=\"524\" data-end=\"593\">\u2192 Quel type de soignants recherchez-vous ? \u00c0 quelle fr\u00e9quence ? Dans quelles conditions ? Cette \u00e9tape permet de poser les bases de notre collaboration dans un cadre transparent, souple et sans frais cach\u00e9s.<\/h3>\n<p>[\/et_pb_text][\/et_pb_column][et_pb_column _builder_version=&#8221;4.27.4&#8243; _module_preset=&#8221;default&#8221; type=&#8221;1_3&#8243; hover_enabled=&#8221;0&#8243; sticky_enabled=&#8221;0&#8243; background_color=&#8221;#f6f9fc&#8221; border_radii=&#8221;on|35px|35px|35px|35px&#8221; box_shadow_style=&#8221;preset3&#8243; custom_padding=&#8221;|30px|40px|30px|false|true&#8221;][et_pb_image src=&#8221;http:\/\/missionsoins.fr\/wp-content\/uploads\/2025\/07\/11.png&#8221; _builder_version=&#8221;4.27.4&#8243; _module_preset=&#8221;default&#8221; hover_enabled=&#8221;0&#8243; sticky_enabled=&#8221;0&#8243; module_alignment=&#8221;left&#8221; width=&#8221;30%&#8221; custom_margin=&#8221;24px||10px||false|false&#8221;][\/et_pb_image][et_pb_text content_last_edited=&#8221;off|tablet&#8221; _builder_version=&#8221;4.27.4&#8243; _module_preset=&#8221;default&#8221; header_2_font=&#8221;Hind Madurai||||||||&#8221; header_2_text_color=&#8221;#2a837a&#8221; header_2_font_size=&#8221;18px&#8221; header_2_line_height=&#8221;1.5em&#8221; header_3_font=&#8221;Hind Madurai|300|||||||&#8221; header_3_text_color=&#8221;#1b2a41&#8243; header_3_font_size=&#8221;16px&#8221; header_3_line_height=&#8221;1.4em&#8221; hover_enabled=&#8221;0&#8243; global_colors_info=&#8221;{}&#8221; sticky_enabled=&#8221;0&#8243; custom_padding=&#8221;||||true|true&#8221; background_enable_color=&#8221;off&#8221;]<\/p>\n<h3 data-start=\"847\" data-end=\"929\"><strong data-start=\"854\" data-end=\"929\">\u00c9tape 3 \u2013 Votre espace clinique est activ\u00e9, s\u00e9curis\u00e9 et pr\u00eat \u00e0 l\u2019emploi<\/strong><\/h3>\n<h3 data-start=\"847\" data-end=\"929\">\u2192 Une fois valid\u00e9, vous acc\u00e9dez \u00e0 votre interface personnalis\u00e9e. Vous pouvez y publier vos besoins en quelques clics, suivre les disponibilit\u00e9s en temps r\u00e9el, et dialoguer avec les soignants d\u00e9j\u00e0 v\u00e9rifi\u00e9s par notre \u00e9quipe.<\/h3>\n<p>[\/et_pb_text][\/et_pb_column][\/et_pb_row][et_pb_row _builder_version=&#8221;4.27.4&#8243; _module_preset=&#8221;default&#8221; global_colors_info=&#8221;{}&#8221;][et_pb_column type=&#8221;4_4&#8243; _builder_version=&#8221;4.27.4&#8243; _module_preset=&#8221;default&#8221; global_colors_info=&#8221;{}&#8221;][et_pb_divider _builder_version=&#8221;4.27.4&#8243; _module_preset=&#8221;default&#8221; hover_enabled=&#8221;0&#8243; sticky_enabled=&#8221;0&#8243; color=&#8221;#1b2a41&#8243;][\/et_pb_divider][et_pb_text _builder_version=&#8221;4.27.4&#8243; _module_preset=&#8221;default&#8221; text_font=&#8221;Montserrat|700|||||||&#8221; text_text_color=&#8221;#1b2a41&#8243; text_font_size=&#8221;40px&#8221; text_line_height=&#8221;1.4em&#8221; hover_enabled=&#8221;0&#8243; global_colors_info=&#8221;{}&#8221; sticky_enabled=&#8221;0&#8243; inline_fonts=&#8221;Kaushan Script&#8221;]<\/p>\n<p><span>R\u00e9servez un cr\u00e9neau avec notre <span style=\"font-family: 'Kaushan Script';\">\u00e9quipe<\/span><\/span><\/p>\n<p>[\/et_pb_text][et_pb_code _builder_version=&#8221;4.27.4&#8243; _module_preset=&#8221;default&#8221; text_orientation=&#8221;center&#8221; global_colors_info=&#8221;{}&#8221;]<iframe loading=\"lazy\" src=\"https:\/\/calendar.google.com\/calendar\/embed?src=c_d55e96d61e1a3779063d98e6bd8b0a71dfd5473a0d3d840d58cae055cdc77bbc%40group.calendar.google.com&#038;ctz=Europe%2FParis\" style=\"border: 0\" width=\"800\" height=\"600\" frameborder=\"0\" scrolling=\"no\"><\/iframe>[\/et_pb_code][\/et_pb_column][\/et_pb_row][\/et_pb_section][et_pb_section fb_built=&#8221;1&#8243; _builder_version=&#8221;4.27.4&#8243; _module_preset=&#8221;default&#8221; background_color=&#8221;#1b2a41&#8243; border_radii=&#8221;off|25px|25px||&#8221; global_colors_info=&#8221;{}&#8221;][et_pb_row _builder_version=&#8221;4.27.4&#8243; _module_preset=&#8221;default&#8221; global_colors_info=&#8221;{}&#8221;][et_pb_column type=&#8221;4_4&#8243; _builder_version=&#8221;4.27.4&#8243; _module_preset=&#8221;default&#8221; global_colors_info=&#8221;{}&#8221;][et_pb_text _builder_version=&#8221;4.27.4&#8243; _module_preset=&#8221;default&#8221; text_font=&#8221;Montserrat||||||||&#8221; text_text_color=&#8221;#FFFFFF&#8221; text_font_size=&#8221;18px&#8221; text_orientation=&#8221;center&#8221; global_colors_info=&#8221;{}&#8221;]<\/p>\n<p>Mentions l\u00e9gales | CGU | Confidentialit\u00e9<\/p>\n<p>[\/et_pb_text][et_pb_divider color=&#8221;#30415e&#8221; _builder_version=&#8221;4.27.4&#8243; _module_preset=&#8221;default&#8221; global_colors_info=&#8221;{}&#8221;][\/et_pb_divider][et_pb_text _builder_version=&#8221;4.27.4&#8243; _module_preset=&#8221;default&#8221; text_font=&#8221;Montserrat||||||||&#8221; text_text_color=&#8221;#FFFFFF&#8221; text_font_size=&#8221;16px&#8221; text_orientation=&#8221;center&#8221; custom_margin=&#8221;||40px||false|false&#8221; global_colors_info=&#8221;{}&#8221;]<\/p>\n<p><em data-start=\"3142\" data-end=\"3219\">\u00a9 2025 \u2014 Plateforme de mise en relation directe dans le secteur de la sant\u00e9<\/em><\/p>\n<p>[\/et_pb_text][\/et_pb_column][\/et_pb_row][et_pb_row _builder_version=&#8221;4.27.4&#8243; _module_preset=&#8221;default&#8221; global_colors_info=&#8221;{}&#8221;][et_pb_column type=&#8221;4_4&#8243; _builder_version=&#8221;4.27.4&#8243; _module_preset=&#8221;default&#8221; global_colors_info=&#8221;{}&#8221;][et_pb_text _builder_version=&#8221;4.27.4&#8243; _module_preset=&#8221;default&#8221; text_font=&#8221;Montserrat|900||on|||||&#8221; text_text_color=&#8221;#30415e&#8221; text_font_size=&#8221;120px&#8221; text_orientation=&#8221;center&#8221; global_colors_info=&#8221;{}&#8221; inline_fonts=&#8221;Kaushan Script&#8221;]<\/p>\n<p>mission <span style=\"font-family: 'Kaushan Script';\">soins<\/span><\/p>\n<p>[\/et_pb_text][\/et_pb_column][\/et_pb_row][\/et_pb_section]<\/p>\n","protected":false},"excerpt":{"rendered":"<p>H\u00d4PITAUX ET SYST\u00c8MES DE SANT\u00c9Remplissez vos postes vacants avec les meilleurs talents sans stress ni engeagementsUne solution simple, rapide et sans engagement pour acc\u00e9der \u00e0 une r\u00e9serve de soignants qualifi\u00e9s, disponibles imm\u00e9diatement et sans les contraintes des agences traditionnelles. G\u00e9rer efficacement les co\u00fbts de main-d&#8217;\u0153uvre tout en garantissant des effectifs optimaux est un exercice d&#8217;\u00e9quilibriste [&hellip;]<\/p>\n","protected":false},"author":1,"featured_media":0,"parent":0,"menu_order":0,"comment_status":"closed","ping_status":"closed","template":"","meta":{"_et_pb_use_builder":"on","_et_pb_old_content":"","_et_gb_content_width":"","footnotes":""},"class_list":["post-90","page","type-page","status-publish","hentry"],"_links":{"self":[{"href":"https:\/\/missionsoins.fr\/index.php\/wp-json\/wp\/v2\/pages\/90","targetHints":{"allow":["GET"]}}],"collection":[{"href":"https:\/\/missionsoins.fr\/index.php\/wp-json\/wp\/v2\/pages"}],"about":[{"href":"https:\/\/missionsoins.fr\/index.php\/wp-json\/wp\/v2\/types\/page"}],"author":[{"embeddable":true,"href":"https:\/\/missionsoins.fr\/index.php\/wp-json\/wp\/v2\/users\/1"}],"replies":[{"embeddable":true,"href":"https:\/\/missionsoins.fr\/index.php\/wp-json\/wp\/v2\/comments?post=90"}],"version-history":[{"count":11,"href":"https:\/\/missionsoins.fr\/index.php\/wp-json\/wp\/v2\/pages\/90\/revisions"}],"predecessor-version":[{"id":117,"href":"https:\/\/missionsoins.fr\/index.php\/wp-json\/wp\/v2\/pages\/90\/revisions\/117"}],"wp:attachment":[{"href":"https:\/\/missionsoins.fr\/index.php\/wp-json\/wp\/v2\/media?parent=90"}],"curies":[{"name":"wp","href":"https:\/\/api.w.org\/{rel}","templated":true}]}}